{"id":59832,"date":"2025-10-24T20:12:57","date_gmt":"2025-10-24T18:12:57","guid":{"rendered":"https:\/\/paradiseisnotlost.com\/bzh\/?page_id=59832"},"modified":"2025-10-24T21:09:38","modified_gmt":"2025-10-24T19:09:38","slug":"politique-expeditions","status":"publish","type":"page","link":"https:\/\/paradiseisnotlost.com\/bzh\/politique-expeditions\/","title":{"rendered":"POLITIQUE D&rsquo;EXP\u00c9DITIONS"},"content":{"rendered":"<p><\/p>\r\n<p><strong>LIVRAISON :<br \/><\/strong>Les frais de livraison vers la France m\u00e9tropolitaine sont inclus pour tous les produits de <a href=\"https:\/\/paradiseisnotlost.com\/bzh\/catalogue-boutique\/\">la boutique<\/a>.<\/p>\r\n<p>Possibilit\u00e9 de remise en main propre sur LA BAULE &#8211; SAINT-NAZAIRE, <a href=\"https:\/\/paradiseisnotlost.com\/bzh\/#form\">nous contacter<\/a> pour b\u00e9n\u00e9ficier d&rsquo;une remise; 4,50\u20ac pour affiche format A4, 9,00\u20ac pour formats 30x40cm et 50x70cm, 15,00\u20ac pour les formats 70x100cm et au del\u00e0..<br \/>Possibilit\u00e9 d&rsquo;exp\u00e9ditions \u00e0 l&rsquo;international uniquement sur devis, <a href=\"https:\/\/paradiseisnotlost.com\/bzh\/#form\">nous contacter<\/a>.<\/p>\r\n<p><strong>CONDITIONNEMENT :<br \/><\/strong>Les affiches sont envoy\u00e9es enroul\u00e9es dans un carton cannel\u00e9 \u00e0 l&rsquo;int\u00e9rieur d&rsquo;un colis tube triangulaire cartonn\u00e9.<\/p>\r\n<p><strong>D\u00c9LAIS DE TRAITEMENT DES ENVOIS :<br \/><\/strong>Les d\u00e9lais peuvent varier selon l&rsquo;\u00e9tat des stocks et d\u00e9lais de production, n&rsquo;h\u00e9sitez pas \u00e0 <a href=\"https:\/\/paradiseisnotlost.com\/bzh\/#formhttps:\/\/paradiseisnotlost.com\/bzh\/#form\">nous contacter<\/a> si vous souhaitez que votre affiche arrive pour une date bien pr\u00e9cise.<br \/>Toutes les commandes propos\u00e9es en <a href=\"https:\/\/paradiseisnotlost.com\/bzh\/catalogue-boutique\/\">catalogue<\/a> sont trait\u00e9es dans les 5 jours ouvrables (hors week-ends et jours f\u00e9ri\u00e9s) apr\u00e8s la commande. Veuillez noter que pendant les p\u00e9riodes \u00e0 fort volume, le temps de traitement peut prendre plus de temps que d\u2019habitude.<\/p>\r\n<p><strong>MODE D&rsquo;EXP\u00c9DITION FRANCE M\u00c9TROPOLITAINE :<br \/><\/strong>Colissimo avec num\u00e9ro de suivi communiqu\u00e9 par email.<\/p>\r\n<p><strong>ACHATS NUM\u00c9RIQUES :<br \/><\/strong>Les t\u00e9l\u00e9chargements de fichiers pr\u00eats \u00e0 l&rsquo;impression sont disponibles d\u00e8s confirmation de votre paiement. L&rsquo;envoi du lien de t\u00e9l\u00e9chargement par e-mail peut prendre quelques minutes et restent disponibles sur <a href=\"https:\/\/paradiseisnotlost.com\/bzh\/mon-compte\/\">votre compte<\/a> \u00e0 condition que la transaction n\u2019ait pas \u00e9t\u00e9 annul\u00e9e ou supprim\u00e9e. Les achats t\u00e9l\u00e9chargeables sont \u00e0 usage exclusivement priv\u00e9s, limit\u00e9s \u00e0 3 t\u00e9l\u00e9chargements sur une p\u00e9riode de 6 mois \u00e0 compter de votre commande.<strong><br \/><\/strong><\/p>\r\n<p><strong>OBJETS ENDOMMAG\u00c9S OU PERDUS :<\/strong><br \/>Si vous recevez un article endommag\u00e9 ou si votre commande est perdue pendant le transport, veuillez consulter nos <a href=\"https:\/\/paradiseisnotlost.com\/bzh\/conditions-generales-vente\/\">conditions g\u00e9n\u00e9rales de ventes<\/a>.\u00a0Nous travaillerons avec vous pour r\u00e9soudre le probl\u00e8me le plus rapidement possible, ce qui peut inclure un remboursement ou un remplacement.<\/p>\r\n<p><em>Mise \u00e0 jour : Octobre 2025<\/em><\/p>\r\n<p><\/p>","protected":false},"excerpt":{"rendered":"<p>LIVRAISON :Les frais de livraison vers la France m\u00e9tropolitaine sont inclus pour tous les produits de la boutique&#8230;.<\/p>\n","protected":false},"author":2,"featured_media":9687,"parent":0,"menu_order":0,"comment_status":"closed","ping_status":"open","template":"","meta":{"footnotes":""},"class_list":["post-59832","page","type-page","status-publish","has-post-thumbnail","hentry"],"yoast_head":"<!-- This site is optimized with the Yoast SEO plugin v27.4 - https:\/\/yoast.com\/product\/yoast-seo-wordpress\/ -->\n<title>POLITIQUE D&#039;EXP\u00c9DITIONS Paradiseisnotlost<\/title>\n<meta name=\"description\" content=\"Les pr\u00e9sentes conditions d&#039;exp\u00e9ditions s\u2019appliquent \u00e0 toutes les produits propos\u00e9es sur la boutique site Paradiseisnotlost.\" \/>\n<meta name=\"robots\" content=\"index, follow, max-snippet:-1, max-image-preview:large, max-video-preview:-1\" \/>\n<link rel=\"canonical\" href=\"https:\/\/paradiseisnotlost.com\/bzh\/politique-expeditions\/\" \/>\n<meta property=\"og:locale\" content=\"fr_FR\" \/>\n<meta property=\"og:type\" content=\"article\" \/>\n<meta property=\"og:title\" content=\"POLITIQUE D&#039;EXP\u00c9DITIONS Paradiseisnotlost\" \/>\n<meta property=\"og:description\" content=\"Les pr\u00e9sentes conditions d&#039;exp\u00e9ditions s\u2019appliquent \u00e0 toutes les produits propos\u00e9es sur la boutique site Paradiseisnotlost.\" \/>\n<meta property=\"og:url\" content=\"https:\/\/paradiseisnotlost.com\/bzh\/politique-expeditions\/\" \/>\n<meta property=\"og:site_name\" content=\"Paradise is not lost, we design it ! Sud BZH\" \/>\n<meta property=\"article:publisher\" content=\"https:\/\/www.facebook.com\/laptitecalifornie.fr\/\" \/>\n<meta property=\"article:modified_time\" content=\"2025-10-24T19:09:38+00:00\" \/>\n<meta property=\"og:image\" content=\"https:\/\/paradiseisnotlost.com\/bzh\/wp-content\/uploads\/2019\/09\/1950x500_18.jpg\" \/>\n\t<meta property=\"og:image:width\" content=\"1950\" \/>\n\t<meta property=\"og:image:height\" content=\"500\" \/>\n\t<meta property=\"og:image:type\" content=\"image\/jpeg\" \/>\n<meta name=\"twitter:card\" content=\"summary_large_image\" \/>\n<meta name=\"twitter:site\" content=\"@Ptitecalifornie\" \/>\n<meta name=\"twitter:label1\" content=\"Dur\u00e9e de lecture estim\u00e9e\" \/>\n\t<meta name=\"twitter:data1\" content=\"2 minutes\" \/>\n<script type=\"application\/ld+json\" class=\"yoast-schema-graph\">{\"@context\":\"https:\\\/\\\/schema.org\",\"@graph\":[{\"@type\":\"WebPage\",\"@id\":\"https:\\\/\\\/paradiseisnotlost.com\\\/bzh\\\/politique-expeditions\\\/\",\"url\":\"https:\\\/\\\/paradiseisnotlost.com\\\/bzh\\\/politique-expeditions\\\/\",\"name\":\"POLITIQUE D'EXP\u00c9DITIONS Paradiseisnotlost\",\"isPartOf\":{\"@id\":\"https:\\\/\\\/paradiseisnotlost.com\\\/bzh\\\/#website\"},\"primaryImageOfPage\":{\"@id\":\"https:\\\/\\\/paradiseisnotlost.com\\\/bzh\\\/politique-expeditions\\\/#primaryimage\"},\"image\":{\"@id\":\"https:\\\/\\\/paradiseisnotlost.com\\\/bzh\\\/politique-expeditions\\\/#primaryimage\"},\"thumbnailUrl\":\"https:\\\/\\\/paradiseisnotlost.com\\\/bzh\\\/wp-content\\\/uploads\\\/2019\\\/09\\\/1950x500_18.jpg\",\"datePublished\":\"2025-10-24T18:12:57+00:00\",\"dateModified\":\"2025-10-24T19:09:38+00:00\",\"description\":\"Les pr\u00e9sentes conditions d'exp\u00e9ditions s\u2019appliquent \u00e0 toutes les produits propos\u00e9es sur la boutique site Paradiseisnotlost.\",\"breadcrumb\":{\"@id\":\"https:\\\/\\\/paradiseisnotlost.com\\\/bzh\\\/politique-expeditions\\\/#breadcrumb\"},\"inLanguage\":\"fr-FR\",\"potentialAction\":[{\"@type\":\"ReadAction\",\"target\":[\"https:\\\/\\\/paradiseisnotlost.com\\\/bzh\\\/politique-expeditions\\\/\"]}]},{\"@type\":\"ImageObject\",\"inLanguage\":\"fr-FR\",\"@id\":\"https:\\\/\\\/paradiseisnotlost.com\\\/bzh\\\/politique-expeditions\\\/#primaryimage\",\"url\":\"https:\\\/\\\/paradiseisnotlost.com\\\/bzh\\\/wp-content\\\/uploads\\\/2019\\\/09\\\/1950x500_18.jpg\",\"contentUrl\":\"https:\\\/\\\/paradiseisnotlost.com\\\/bzh\\\/wp-content\\\/uploads\\\/2019\\\/09\\\/1950x500_18.jpg\",\"width\":1950,\"height\":500},{\"@type\":\"BreadcrumbList\",\"@id\":\"https:\\\/\\\/paradiseisnotlost.com\\\/bzh\\\/politique-expeditions\\\/#breadcrumb\",\"itemListElement\":[{\"@type\":\"ListItem\",\"position\":1,\"name\":\"Accueil\",\"item\":\"https:\\\/\\\/paradiseisnotlost.com\\\/bzh\\\/\"},{\"@type\":\"ListItem\",\"position\":2,\"name\":\"POLITIQUE D&rsquo;EXP\u00c9DITIONS\"}]},{\"@type\":\"WebSite\",\"@id\":\"https:\\\/\\\/paradiseisnotlost.com\\\/bzh\\\/#website\",\"url\":\"https:\\\/\\\/paradiseisnotlost.com\\\/bzh\\\/\",\"name\":\"Paradise is not lost, we design it ! Sud BZH\",\"description\":\"Digital Design : Agence | Art-Shop | Events | Showroom\",\"publisher\":{\"@id\":\"https:\\\/\\\/paradiseisnotlost.com\\\/bzh\\\/#organization\"},\"potentialAction\":[{\"@type\":\"SearchAction\",\"target\":{\"@type\":\"EntryPoint\",\"urlTemplate\":\"https:\\\/\\\/paradiseisnotlost.com\\\/bzh\\\/?s={search_term_string}\"},\"query-input\":{\"@type\":\"PropertyValueSpecification\",\"valueRequired\":true,\"valueName\":\"search_term_string\"}}],\"inLanguage\":\"fr-FR\"},{\"@type\":\"Organization\",\"@id\":\"https:\\\/\\\/paradiseisnotlost.com\\\/bzh\\\/#organization\",\"name\":\"Paradiseisnotlost\",\"url\":\"https:\\\/\\\/paradiseisnotlost.com\\\/bzh\\\/\",\"logo\":{\"@type\":\"ImageObject\",\"inLanguage\":\"fr-FR\",\"@id\":\"https:\\\/\\\/paradiseisnotlost.com\\\/bzh\\\/#\\\/schema\\\/logo\\\/image\\\/\",\"url\":\"https:\\\/\\\/paradiseisnotlost.com\\\/bzh\\\/wp-content\\\/uploads\\\/2019\\\/05\\\/19_logo_logo_entet-web_010.png\",\"contentUrl\":\"https:\\\/\\\/paradiseisnotlost.com\\\/bzh\\\/wp-content\\\/uploads\\\/2019\\\/05\\\/19_logo_logo_entet-web_010.png\",\"width\":129,\"height\":60,\"caption\":\"Paradiseisnotlost\"},\"image\":{\"@id\":\"https:\\\/\\\/paradiseisnotlost.com\\\/bzh\\\/#\\\/schema\\\/logo\\\/image\\\/\"},\"sameAs\":[\"https:\\\/\\\/www.facebook.com\\\/laptitecalifornie.fr\\\/\",\"https:\\\/\\\/x.com\\\/Ptitecalifornie\",\"https:\\\/\\\/www.instagram.com\\\/paradiseisnotlost44\\\/\",\"https:\\\/\\\/www.pinterest.fr\\\/paradiseisnotlost\\\/\"]}]}<\/script>\n<!-- \/ Yoast SEO plugin. -->","yoast_head_json":{"title":"POLITIQUE D'EXP\u00c9DITIONS Paradiseisnotlost","description":"Les pr\u00e9sentes conditions d'exp\u00e9ditions s\u2019appliquent \u00e0 toutes les produits propos\u00e9es sur la boutique site Paradiseisnotlost.","robots":{"index":"index","follow":"follow","max-snippet":"max-snippet:-1","max-image-preview":"max-image-preview:large","max-video-preview":"max-video-preview:-1"},"canonical":"https:\/\/paradiseisnotlost.com\/bzh\/politique-expeditions\/","og_locale":"fr_FR","og_type":"article","og_title":"POLITIQUE D'EXP\u00c9DITIONS Paradiseisnotlost","og_description":"Les pr\u00e9sentes conditions d'exp\u00e9ditions s\u2019appliquent \u00e0 toutes les produits propos\u00e9es sur la boutique site Paradiseisnotlost.","og_url":"https:\/\/paradiseisnotlost.com\/bzh\/politique-expeditions\/","og_site_name":"Paradise is not lost, we design it ! Sud BZH","article_publisher":"https:\/\/www.facebook.com\/laptitecalifornie.fr\/","article_modified_time":"2025-10-24T19:09:38+00:00","og_image":[{"width":1950,"height":500,"url":"https:\/\/paradiseisnotlost.com\/bzh\/wp-content\/uploads\/2019\/09\/1950x500_18.jpg","type":"image\/jpeg"}],"twitter_card":"summary_large_image","twitter_site":"@Ptitecalifornie","twitter_misc":{"Dur\u00e9e de lecture estim\u00e9e":"2 minutes"},"schema":{"@context":"https:\/\/schema.org","@graph":[{"@type":"WebPage","@id":"https:\/\/paradiseisnotlost.com\/bzh\/politique-expeditions\/","url":"https:\/\/paradiseisnotlost.com\/bzh\/politique-expeditions\/","name":"POLITIQUE D'EXP\u00c9DITIONS Paradiseisnotlost","isPartOf":{"@id":"https:\/\/paradiseisnotlost.com\/bzh\/#website"},"primaryImageOfPage":{"@id":"https:\/\/paradiseisnotlost.com\/bzh\/politique-expeditions\/#primaryimage"},"image":{"@id":"https:\/\/paradiseisnotlost.com\/bzh\/politique-expeditions\/#primaryimage"},"thumbnailUrl":"https:\/\/paradiseisnotlost.com\/bzh\/wp-content\/uploads\/2019\/09\/1950x500_18.jpg","datePublished":"2025-10-24T18:12:57+00:00","dateModified":"2025-10-24T19:09:38+00:00","description":"Les pr\u00e9sentes conditions d'exp\u00e9ditions s\u2019appliquent \u00e0 toutes les produits propos\u00e9es sur la boutique site Paradiseisnotlost.","breadcrumb":{"@id":"https:\/\/paradiseisnotlost.com\/bzh\/politique-expeditions\/#breadcrumb"},"inLanguage":"fr-FR","potentialAction":[{"@type":"ReadAction","target":["https:\/\/paradiseisnotlost.com\/bzh\/politique-expeditions\/"]}]},{"@type":"ImageObject","inLanguage":"fr-FR","@id":"https:\/\/paradiseisnotlost.com\/bzh\/politique-expeditions\/#primaryimage","url":"https:\/\/paradiseisnotlost.com\/bzh\/wp-content\/uploads\/2019\/09\/1950x500_18.jpg","contentUrl":"https:\/\/paradiseisnotlost.com\/bzh\/wp-content\/uploads\/2019\/09\/1950x500_18.jpg","width":1950,"height":500},{"@type":"BreadcrumbList","@id":"https:\/\/paradiseisnotlost.com\/bzh\/politique-expeditions\/#breadcrumb","itemListElement":[{"@type":"ListItem","position":1,"name":"Accueil","item":"https:\/\/paradiseisnotlost.com\/bzh\/"},{"@type":"ListItem","position":2,"name":"POLITIQUE D&rsquo;EXP\u00c9DITIONS"}]},{"@type":"WebSite","@id":"https:\/\/paradiseisnotlost.com\/bzh\/#website","url":"https:\/\/paradiseisnotlost.com\/bzh\/","name":"Paradise is not lost, we design it ! Sud BZH","description":"Digital Design : Agence | Art-Shop | Events | Showroom","publisher":{"@id":"https:\/\/paradiseisnotlost.com\/bzh\/#organization"},"potentialAction":[{"@type":"SearchAction","target":{"@type":"EntryPoint","urlTemplate":"https:\/\/paradiseisnotlost.com\/bzh\/?s={search_term_string}"},"query-input":{"@type":"PropertyValueSpecification","valueRequired":true,"valueName":"search_term_string"}}],"inLanguage":"fr-FR"},{"@type":"Organization","@id":"https:\/\/paradiseisnotlost.com\/bzh\/#organization","name":"Paradiseisnotlost","url":"https:\/\/paradiseisnotlost.com\/bzh\/","logo":{"@type":"ImageObject","inLanguage":"fr-FR","@id":"https:\/\/paradiseisnotlost.com\/bzh\/#\/schema\/logo\/image\/","url":"https:\/\/paradiseisnotlost.com\/bzh\/wp-content\/uploads\/2019\/05\/19_logo_logo_entet-web_010.png","contentUrl":"https:\/\/paradiseisnotlost.com\/bzh\/wp-content\/uploads\/2019\/05\/19_logo_logo_entet-web_010.png","width":129,"height":60,"caption":"Paradiseisnotlost"},"image":{"@id":"https:\/\/paradiseisnotlost.com\/bzh\/#\/schema\/logo\/image\/"},"sameAs":["https:\/\/www.facebook.com\/laptitecalifornie.fr\/","https:\/\/x.com\/Ptitecalifornie","https:\/\/www.instagram.com\/paradiseisnotlost44\/","https:\/\/www.pinterest.fr\/paradiseisnotlost\/"]}]}},"_links":{"self":[{"href":"https:\/\/paradiseisnotlost.com\/bzh\/wp-json\/wp\/v2\/pages\/59832","targetHints":{"allow":["GET"]}}],"collection":[{"href":"https:\/\/paradiseisnotlost.com\/bzh\/wp-json\/wp\/v2\/pages"}],"about":[{"href":"https:\/\/paradiseisnotlost.com\/bzh\/wp-json\/wp\/v2\/types\/page"}],"author":[{"embeddable":true,"href":"https:\/\/paradiseisnotlost.com\/bzh\/wp-json\/wp\/v2\/users\/2"}],"replies":[{"embeddable":true,"href":"https:\/\/paradiseisnotlost.com\/bzh\/wp-json\/wp\/v2\/comments?post=59832"}],"version-history":[{"count":8,"href":"https:\/\/paradiseisnotlost.com\/bzh\/wp-json\/wp\/v2\/pages\/59832\/revisions"}],"predecessor-version":[{"id":59842,"href":"https:\/\/paradiseisnotlost.com\/bzh\/wp-json\/wp\/v2\/pages\/59832\/revisions\/59842"}],"wp:featuredmedia":[{"embeddable":true,"href":"https:\/\/paradiseisnotlost.com\/bzh\/wp-json\/wp\/v2\/media\/9687"}],"wp:attachment":[{"href":"https:\/\/paradiseisnotlost.com\/bzh\/wp-json\/wp\/v2\/media?parent=59832"}],"curies":[{"name":"wp","href":"https:\/\/api.w.org\/{rel}","templated":true}]}}