{"id":9679,"date":"2019-09-26T11:57:49","date_gmt":"2019-09-26T09:57:49","guid":{"rendered":"https:\/\/paradiseisnotlost.com\/bzh\/?page_id=9679"},"modified":"2025-11-23T16:55:12","modified_gmt":"2025-11-23T15:55:12","slug":"conditions-generales-vente","status":"publish","type":"page","link":"https:\/\/paradiseisnotlost.com\/bzh\/conditions-generales-vente\/","title":{"rendered":"CONDITIONS G\u00c9N\u00c9RALES DE VENTE"},"content":{"rendered":"\r\n<div class=\"policy-text\">\r\n<blockquote>\r\n<p>Les pr\u00e9sentes conditions de vente s\u2019appliquent \u00e0 toutes les offres propos\u00e9es par <a href=\"https:\/\/paradiseisnotlost.com\">Paradiseisnotlost.com<\/a> \u00e0 toutes les commandes que vous avez pass\u00e9es et \u00e0 tous les accords conclus entre nous dans le cadre des produits et services propos\u00e9s sur ce site marchand.<\/p>\r\n<\/blockquote>\r\n<h3 class=\"wp-block-heading\"><strong>Droits au retour<\/strong><\/h3>\r\n<p>Nous nous engageons \u00e0 offrir des articles de qualit\u00e9 et garantissons votre satisfaction \u00e0 100 %.<\/p>\r\n<p><strong>Articles incorrects ou endommag\u00e9s (Photo Retour) :<\/strong><\/p>\r\n<p>Si nous vous envoyons un article incorrect ou qu\u2019un article vous arrive endommag\u00e9, veuillez simplement nous faire parvenir une photo num\u00e9rique de l\u2019article et de son emballage \u00e0 l\u2019adresse : <a href=\"mailto:courriel@paradiseisnotlost.com\">courriel@paradiseisnotlost.com<\/a>. Dans le corps de votre email, veuillez indiquer le num\u00e9ro de la commande ainsi que la r\u00e9f\u00e9rence de l\u2019exp\u00e9dition ou de l\u2019article. D\u00e9crivez ensuite bri\u00e8vement le motif du retour. Finalement, pr\u00e9cisez si vous d\u00e9sirez un remplacement ou un remboursement. Merci d\u2019envoyer votre demande dans les 14 jours qui suivent la r\u00e9ception de l\u2019article. Votre requ\u00eate sera trait\u00e9e dans les 72 heures et vous recevrez un email vous informant qu\u2019un remplacement ou un remboursement est en cours. Si vous avez choisi un remboursement, vous serez rembours\u00e9 du prix de l\u2019article et des frais de livraison.<\/p>\r\n<p><strong>Autres retours :<\/strong><\/p>\r\n<p>Si votre commande arrive en bonne condition mais que vous avez chang\u00e9 d\u2019avis, aucun souci ! Vous pouvez nous retourner un article dans les 7 jours ouvr\u00e9s qui suivent sa r\u00e9ception et recevoir un remboursement du prix de cet article.<\/p>\r\n<p>Si vous nous avisez de votre intention de renvoyer votre article dans les 14 jours suivant sa r\u00e9ception, vous pouvez aussi dans certains cas b\u00e9n\u00e9ficier du remboursement des frais de livraison. Les frais de livraison repr\u00e9sentent le montant que vous avez pay\u00e9 pour l\u2019exp\u00e9dition des marchandises \u00e0 l\u2019adresse de livraison d\u00e9sign\u00e9e (\u00e0 l\u2019exception des co\u00fbts suppl\u00e9mentaires r\u00e9sultant de votre choix d\u2019une m\u00e9thode de livraison non standard). Nous ne remboursons pas les frais de livraison pour les articles issus de services et qui sont produits sur mesure \u00e0 la commande. Les articles issus de services comprennent tous les articles encadr\u00e9s, les toiles, l\u2019art sur acrylique, l\u2019art sur m\u00e9tal, la collection grand format et support personnalis\u00e9. En outre, pour demander un remboursement des frais de livraison (le cas \u00e9ch\u00e9ant), vous devez nous retourner la marchandise dans les 7 jours ouvr\u00e9s suivant votre demande de remboursement.<\/p>\r\n<p>Pour retourner un article, veuillez le remettre dans l\u2019emballage d\u2019origine (tube ou bo\u00eete) et compl\u00e9ter le formulaire de retour que vous trouverez au dos du bordereau d\u2019exp\u00e9dition inclus dans votre commande. Informez-nous aussi de votre intention de retourner l\u2019article en nous envoyant un message email \u00e0 <a href=\"mailto:courriel@paradiseisnotlost.com\">courriel@paradiseisnotlost.com<\/a>. Merci de pr\u00e9ciser votre nom, adresse postale, adresse email, num\u00e9ro de t\u00e9l\u00e9phone, ainsi que le num\u00e9ro de la commande, de l\u2019exp\u00e9dition et\/ou la r\u00e9f\u00e9rence de l\u2019article. Vous pouvez aussi mentionner la raison du retour.<\/p>\r\n<p>Nous vous rappelons que vous devez payer pour le renvoi des marchandises. Nous vous encourageons vivement \u00e0 retourner votre article par une m\u00e9thode qui vous permet un suivi. Si vous retournez un article qui ne peut pas \u00eatre envoy\u00e9 par la poste, vous \u00eates malgr\u00e9 tout toujours responsable des frais d\u2019exp\u00e9dition pour le retour.<\/p>\r\n<p><strong>Adresse de retour <\/strong><\/p>\r\n<p>Paradiseisnotlost\u00a0<br \/>Le Garage 40, rue des Halles 44600 Saint-Nazaire &#8211; France.<\/p>\r\n<h3><strong>Fichiers t\u00e9l\u00e9chargeables pr\u00eats \u00e0 l&rsquo;impression\u00a0<\/strong><\/h3>\r\n<p>Les fichiers num\u00e9riques t\u00e9l\u00e9chargeables pr\u00eats \u00e0 l&rsquo;impression sont \u00e0 usages exclusivement priv\u00e9s, pour toutes exploitation commerciales, <a href=\"https:\/\/paradiseisnotlost.com\/bzh\/#form\">nous contacter<\/a>. Les fichiers num\u00e9riques t\u00e9l\u00e9chargeables sont propos\u00e9s par d\u00e9faut au format .JPG de 21x30cm en 300 ppp,\u00a0 pour tout autres formats <a href=\"https:\/\/paradiseisnotlost.com\/bzh\/#form\">nous contacter<\/a>. Les t\u00e9l\u00e9chargements de fichiers pr\u00eats \u00e0 l\u2019impression sont disponibles d\u00e8s confirmation de votre paiement. L\u2019envoi du lien de t\u00e9l\u00e9chargement par e-mail peut prendre quelques minutes et restent disponibles sur votre <a href=\"https:\/\/paradiseisnotlost.com\/bzh\/mon-compte\/\">compte<\/a> \u00e0 condition que la transaction n\u2019ait pas \u00e9t\u00e9 annul\u00e9e ou supprim\u00e9e. Les achats t\u00e9l\u00e9chargeables sont limit\u00e9s \u00e0 6 t\u00e9l\u00e9chargements sur une p\u00e9riode de 180 jours \u00e0 compter de votre commande. Les articles num\u00e9riques ne peuvent pas \u00eatre retourn\u00e9s ou annul\u00e9s. Si un probl\u00e8me survient lors d&rsquo;une commande d&rsquo;article num\u00e9rique, notamment s&rsquo;il ne correspond pas \u00e0 sa description <a href=\"https:\/\/paradiseisnotlost.com\/bzh\/#form\">nous contacter<\/a>.<\/p>\r\n<h3><strong>M\u00e9thodes de remboursement<\/strong><\/h3>\r\n<p>Les remboursements seront effectu\u00e9s par le m\u00eame moyen de paiement que vous avez utilis\u00e9 pour la transaction initiale. Vous ne paierez pas de frais suppl\u00e9mentaires \u00e0 la suite de ce remboursement. Sauf dans le cas de l\u2019option Photo Retour, nous pouvons diff\u00e9rer le remboursement jusqu\u2019\u00e0 ce que, soit nous ayons re\u00e7u les articles retourn\u00e9s, soit vous nous ayez fourni une preuve d\u2019exp\u00e9dition de ces articles.<\/p>\r\n<h3><strong>\u00c9changes<\/strong><\/h3>\r\n<p>Si votre article vous est arriv\u00e9 en bon \u00e9tat mais que vous souhaitiez l\u2019\u00e9changer pour le m\u00eame article dans une taille diff\u00e9rente ou pour un tout autre article, merci de nous retourner l\u2019article original avec une demande de remboursement, selon la m\u00e9thode d\u00e9crite dans \u00ab Autres retours \u00bb, et de passer une nouvelle commande.<\/p>\r\n<h3><strong>Acceptation de commande<\/strong><\/h3>\r\n<p>Nous nous r\u00e9servons le droit de refuser ou d\u2019annuler une commande. Dans cette \u00e9ventualit\u00e9, nous vous garantissons uniquement le remboursement de toute somme d\u00e9j\u00e0 vers\u00e9e pour le paiement de cette commande.<\/p>\r\n<h3><strong>Tarification<\/strong><\/h3>\r\n<p>Ind\u00e9pendamment des prix des produits indiqu\u00e9s sur le site Web, nous ne pouvons pas confirmer le prix d\u2019un article avant que vous ne passiez commande. En d\u00e9pit de tous nos efforts, un nombre restreint des articles pr\u00e9sent\u00e9s sur le site Web peut indiquer un prix erron\u00e9 par suite de changements de prix intervenus au moment de votre consultation du site Web. Si le prix correct d\u2019un article se r\u00e9v\u00e8le \u00eatre sup\u00e9rieur \u00e0 notre prix indiqu\u00e9, votre seul recours est d\u2019annuler votre commande.<\/p>\r\n<h3><strong>Description des produits<\/strong><\/h3>\r\n<p>Nous nous effor\u00e7ons de d\u00e9crire les produits que nous proposons aussi pr\u00e9cis\u00e9ment que possible. Toutefois, nous ne garantissons pas que les descriptions de produits ou tout autre contenu du site Web soient int\u00e9gralement exacts, complets, fiables, \u00e0 jour ou d\u00e9pourvus d\u2019erreur. Si un produit que nous proposons et que vous acqu\u00e9rez est diff\u00e9rent de sa description, votre seul recours est de le renvoyer sans l\u2019avoir utilis\u00e9 pour un remplacement conforme, un remboursement ou un avoir.<\/p>\r\n<h3><strong>D\u00e9charge de responsabilit\u00e9<\/strong><\/h3>\r\n<p>Nous ne sommes responsables d\u2019aucune perte financi\u00e8re (y compris mais non limit\u00e9e au co\u00fbt de tout achat de remplacement) pouvant survenir pour cause d\u2019arriv\u00e9e en retard ou de manque de disponibilit\u00e9 ou de conformit\u00e9 du produit.<\/p>\r\n<h3><strong>Transferts de donn\u00e9es<\/strong><\/h3>\r\n<p>Afin de traiter et de remplir votre commande, il peut \u00eatre n\u00e9cessaire de transf\u00e9rer certaines informations de transaction et donn\u00e9es personnelles sur des serveurs ou des bases de donn\u00e9es situ\u00e9s chez OVH France.<\/p>\r\n<h3><strong>Droit applicable<\/strong><\/h3>\r\n<p>Les produits propos\u00e9s par Paradiseisnontlost.com, vos commandes, et les accords conclus entre nous pour assurer nos services et livrer nos produits sont soumis aux lois fran\u00e7aises. Les tribunaux de Nantes \u2013 Saint-Nazaire France, seront exclusivement comp\u00e9tents pour r\u00e9soudre tout litige entre nous concernant nos produits et services.<\/p>\r\n<h3><strong>Langue de r\u00e9f\u00e9rence<\/strong><\/h3>\r\n<p>Cette version en langue fran\u00e7aise de nos conditions de vente est destin\u00e9e \u00e0 vous en faciliter la compr\u00e9hension. La version en langue fran\u00e7aise s\u2019appliquera \u00e0 tout litige entre nous concernant nos produits et services. En cas de conflit ou d\u2019ambigu\u00eft\u00e9 la version en langue fran\u00e7aise pr\u00e9vaudra.<\/p>\r\n<h3><strong>Modification et autonomie des dispositions<\/strong><\/h3>\r\n<p>Nous nous r\u00e9servons le droit de modifier notre site Web, nos politiques, nos conditions d\u2019utilisation et les pr\u00e9sentes conditions de vente \u00e0 tout moment et \u00e0 notre seule discr\u00e9tion. Par cons\u00e9quent, nous vous invitons \u00e0 consulter <a href=\"https:\/\/paradiseisnotlost.com\/bzh\/politique-confidentialite\/\">nos politiques, termes et conditions<\/a> chaque fois que vous consultez le site Web. La poursuite de la consultation du site Web apr\u00e8s que nous ayons proc\u00e9d\u00e9 \u00e0 des modifications implique votre acceptation sans r\u00e9serve de celles-ci. Si l\u2019un ou l\u2019autre des termes ou conditions ci-inclus est jug\u00e9 non valide, nul ou inapplicable pour quelque raison, ce terme ou cette condition sera estim\u00e9 \u00eatre autonome et n\u2019affectera pas la validit\u00e9 et l\u2019applicabilit\u00e9 de tout autre terme ou condition.<\/p>\r\n<\/div>\r\n<p><em>Mise \u00e0 jour : Septembre 2023<\/em><\/p>\r\n","protected":false},"excerpt":{"rendered":"<p>Les pr\u00e9sentes conditions de vente s\u2019appliquent \u00e0 toutes les offres propos\u00e9es par Paradiseisnotlost.com \u00e0 toutes les commandes que&#8230;<\/p>\n","protected":false},"author":1,"featured_media":9682,"parent":0,"menu_order":0,"comment_status":"closed","ping_status":"open","template":"","meta":{"footnotes":""},"class_list":["post-9679","page","type-page","status-publish","has-post-thumbnail","hentry"],"yoast_head":"<!-- This site is optimized with the Yoast SEO plugin v27.3 - https:\/\/yoast.com\/product\/yoast-seo-wordpress\/ -->\n<title>CONDITIONS G\u00c9N\u00c9RALES DE VENTE Paradiseisnotlost<\/title>\n<meta name=\"description\" content=\"Les pr\u00e9sentes conditions de vente s\u2019appliquent \u00e0 toutes les offres propos\u00e9es par le site &quot;Paradiseisnotlost.com&quot; sud Bretagne\" \/>\n<meta name=\"robots\" content=\"index, follow, max-snippet:-1, max-image-preview:large, max-video-preview:-1\" \/>\n<link rel=\"canonical\" href=\"https:\/\/paradiseisnotlost.com\/bzh\/conditions-generales-vente\/\" \/>\n<meta property=\"og:locale\" content=\"fr_FR\" \/>\n<meta property=\"og:type\" content=\"article\" \/>\n<meta property=\"og:title\" content=\"CONDITIONS G\u00c9N\u00c9RALES DE VENTE Paradiseisnotlost\" \/>\n<meta property=\"og:description\" content=\"Les pr\u00e9sentes conditions de vente s\u2019appliquent \u00e0 toutes les offres propos\u00e9es par le site &quot;Paradiseisnotlost.com&quot; sud Bretagne\" \/>\n<meta property=\"og:url\" content=\"https:\/\/paradiseisnotlost.com\/bzh\/conditions-generales-vente\/\" \/>\n<meta property=\"og:site_name\" content=\"Paradise is not lost, we design it ! Sud BZH\" \/>\n<meta property=\"article:publisher\" content=\"https:\/\/www.facebook.com\/laptitecalifornie.fr\/\" \/>\n<meta property=\"article:modified_time\" content=\"2025-11-23T15:55:12+00:00\" \/>\n<meta property=\"og:image\" content=\"https:\/\/paradiseisnotlost.com\/bzh\/wp-content\/uploads\/2019\/09\/slider_1920x819_cgv_02.jpg\" \/>\n\t<meta property=\"og:image:width\" content=\"1920\" \/>\n\t<meta property=\"og:image:height\" content=\"819\" \/>\n\t<meta property=\"og:image:type\" content=\"image\/jpeg\" \/>\n<meta name=\"twitter:card\" content=\"summary_large_image\" \/>\n<meta name=\"twitter:site\" content=\"@Ptitecalifornie\" \/>\n<meta name=\"twitter:label1\" content=\"Dur\u00e9e de lecture estim\u00e9e\" \/>\n\t<meta name=\"twitter:data1\" content=\"7 minutes\" \/>\n<script type=\"application\/ld+json\" class=\"yoast-schema-graph\">{\"@context\":\"https:\\\/\\\/schema.org\",\"@graph\":[{\"@type\":\"WebPage\",\"@id\":\"https:\\\/\\\/paradiseisnotlost.com\\\/bzh\\\/conditions-generales-vente\\\/\",\"url\":\"https:\\\/\\\/paradiseisnotlost.com\\\/bzh\\\/conditions-generales-vente\\\/\",\"name\":\"CONDITIONS G\u00c9N\u00c9RALES DE VENTE Paradiseisnotlost\",\"isPartOf\":{\"@id\":\"https:\\\/\\\/paradiseisnotlost.com\\\/bzh\\\/#website\"},\"primaryImageOfPage\":{\"@id\":\"https:\\\/\\\/paradiseisnotlost.com\\\/bzh\\\/conditions-generales-vente\\\/#primaryimage\"},\"image\":{\"@id\":\"https:\\\/\\\/paradiseisnotlost.com\\\/bzh\\\/conditions-generales-vente\\\/#primaryimage\"},\"thumbnailUrl\":\"https:\\\/\\\/paradiseisnotlost.com\\\/bzh\\\/wp-content\\\/uploads\\\/2019\\\/09\\\/slider_1920x819_cgv_02.jpg\",\"datePublished\":\"2019-09-26T09:57:49+00:00\",\"dateModified\":\"2025-11-23T15:55:12+00:00\",\"description\":\"Les pr\u00e9sentes conditions de vente s\u2019appliquent \u00e0 toutes les offres propos\u00e9es par le site \\\"Paradiseisnotlost.com\\\" sud Bretagne\",\"breadcrumb\":{\"@id\":\"https:\\\/\\\/paradiseisnotlost.com\\\/bzh\\\/conditions-generales-vente\\\/#breadcrumb\"},\"inLanguage\":\"fr-FR\",\"potentialAction\":[{\"@type\":\"ReadAction\",\"target\":[\"https:\\\/\\\/paradiseisnotlost.com\\\/bzh\\\/conditions-generales-vente\\\/\"]}]},{\"@type\":\"ImageObject\",\"inLanguage\":\"fr-FR\",\"@id\":\"https:\\\/\\\/paradiseisnotlost.com\\\/bzh\\\/conditions-generales-vente\\\/#primaryimage\",\"url\":\"https:\\\/\\\/paradiseisnotlost.com\\\/bzh\\\/wp-content\\\/uploads\\\/2019\\\/09\\\/slider_1920x819_cgv_02.jpg\",\"contentUrl\":\"https:\\\/\\\/paradiseisnotlost.com\\\/bzh\\\/wp-content\\\/uploads\\\/2019\\\/09\\\/slider_1920x819_cgv_02.jpg\",\"width\":1920,\"height\":819},{\"@type\":\"BreadcrumbList\",\"@id\":\"https:\\\/\\\/paradiseisnotlost.com\\\/bzh\\\/conditions-generales-vente\\\/#breadcrumb\",\"itemListElement\":[{\"@type\":\"ListItem\",\"position\":1,\"name\":\"Accueil\",\"item\":\"https:\\\/\\\/paradiseisnotlost.com\\\/bzh\\\/\"},{\"@type\":\"ListItem\",\"position\":2,\"name\":\"CONDITIONS G\u00c9N\u00c9RALES DE VENTE\"}]},{\"@type\":\"WebSite\",\"@id\":\"https:\\\/\\\/paradiseisnotlost.com\\\/bzh\\\/#website\",\"url\":\"https:\\\/\\\/paradiseisnotlost.com\\\/bzh\\\/\",\"name\":\"Paradise is not lost, we design it ! Sud BZH\",\"description\":\"Digital Design : Agence | Art-Shop | Events | Showroom\",\"publisher\":{\"@id\":\"https:\\\/\\\/paradiseisnotlost.com\\\/bzh\\\/#organization\"},\"potentialAction\":[{\"@type\":\"SearchAction\",\"target\":{\"@type\":\"EntryPoint\",\"urlTemplate\":\"https:\\\/\\\/paradiseisnotlost.com\\\/bzh\\\/?s={search_term_string}\"},\"query-input\":{\"@type\":\"PropertyValueSpecification\",\"valueRequired\":true,\"valueName\":\"search_term_string\"}}],\"inLanguage\":\"fr-FR\"},{\"@type\":\"Organization\",\"@id\":\"https:\\\/\\\/paradiseisnotlost.com\\\/bzh\\\/#organization\",\"name\":\"Paradiseisnotlost\",\"url\":\"https:\\\/\\\/paradiseisnotlost.com\\\/bzh\\\/\",\"logo\":{\"@type\":\"ImageObject\",\"inLanguage\":\"fr-FR\",\"@id\":\"https:\\\/\\\/paradiseisnotlost.com\\\/bzh\\\/#\\\/schema\\\/logo\\\/image\\\/\",\"url\":\"https:\\\/\\\/paradiseisnotlost.com\\\/bzh\\\/wp-content\\\/uploads\\\/2019\\\/05\\\/19_logo_logo_entet-web_010.png\",\"contentUrl\":\"https:\\\/\\\/paradiseisnotlost.com\\\/bzh\\\/wp-content\\\/uploads\\\/2019\\\/05\\\/19_logo_logo_entet-web_010.png\",\"width\":129,\"height\":60,\"caption\":\"Paradiseisnotlost\"},\"image\":{\"@id\":\"https:\\\/\\\/paradiseisnotlost.com\\\/bzh\\\/#\\\/schema\\\/logo\\\/image\\\/\"},\"sameAs\":[\"https:\\\/\\\/www.facebook.com\\\/laptitecalifornie.fr\\\/\",\"https:\\\/\\\/x.com\\\/Ptitecalifornie\",\"https:\\\/\\\/www.instagram.com\\\/paradiseisnotlost44\\\/\",\"https:\\\/\\\/www.pinterest.fr\\\/paradiseisnotlost\\\/\"]}]}<\/script>\n<!-- \/ Yoast SEO plugin. -->","yoast_head_json":{"title":"CONDITIONS G\u00c9N\u00c9RALES DE VENTE Paradiseisnotlost","description":"Les pr\u00e9sentes conditions de vente s\u2019appliquent \u00e0 toutes les offres propos\u00e9es par le site \"Paradiseisnotlost.com\" sud Bretagne","robots":{"index":"index","follow":"follow","max-snippet":"max-snippet:-1","max-image-preview":"max-image-preview:large","max-video-preview":"max-video-preview:-1"},"canonical":"https:\/\/paradiseisnotlost.com\/bzh\/conditions-generales-vente\/","og_locale":"fr_FR","og_type":"article","og_title":"CONDITIONS G\u00c9N\u00c9RALES DE VENTE Paradiseisnotlost","og_description":"Les pr\u00e9sentes conditions de vente s\u2019appliquent \u00e0 toutes les offres propos\u00e9es par le site \"Paradiseisnotlost.com\" sud Bretagne","og_url":"https:\/\/paradiseisnotlost.com\/bzh\/conditions-generales-vente\/","og_site_name":"Paradise is not lost, we design it ! Sud BZH","article_publisher":"https:\/\/www.facebook.com\/laptitecalifornie.fr\/","article_modified_time":"2025-11-23T15:55:12+00:00","og_image":[{"width":1920,"height":819,"url":"https:\/\/paradiseisnotlost.com\/bzh\/wp-content\/uploads\/2019\/09\/slider_1920x819_cgv_02.jpg","type":"image\/jpeg"}],"twitter_card":"summary_large_image","twitter_site":"@Ptitecalifornie","twitter_misc":{"Dur\u00e9e de lecture estim\u00e9e":"7 minutes"},"schema":{"@context":"https:\/\/schema.org","@graph":[{"@type":"WebPage","@id":"https:\/\/paradiseisnotlost.com\/bzh\/conditions-generales-vente\/","url":"https:\/\/paradiseisnotlost.com\/bzh\/conditions-generales-vente\/","name":"CONDITIONS G\u00c9N\u00c9RALES DE VENTE Paradiseisnotlost","isPartOf":{"@id":"https:\/\/paradiseisnotlost.com\/bzh\/#website"},"primaryImageOfPage":{"@id":"https:\/\/paradiseisnotlost.com\/bzh\/conditions-generales-vente\/#primaryimage"},"image":{"@id":"https:\/\/paradiseisnotlost.com\/bzh\/conditions-generales-vente\/#primaryimage"},"thumbnailUrl":"https:\/\/paradiseisnotlost.com\/bzh\/wp-content\/uploads\/2019\/09\/slider_1920x819_cgv_02.jpg","datePublished":"2019-09-26T09:57:49+00:00","dateModified":"2025-11-23T15:55:12+00:00","description":"Les pr\u00e9sentes conditions de vente s\u2019appliquent \u00e0 toutes les offres propos\u00e9es par le site \"Paradiseisnotlost.com\" sud Bretagne","breadcrumb":{"@id":"https:\/\/paradiseisnotlost.com\/bzh\/conditions-generales-vente\/#breadcrumb"},"inLanguage":"fr-FR","potentialAction":[{"@type":"ReadAction","target":["https:\/\/paradiseisnotlost.com\/bzh\/conditions-generales-vente\/"]}]},{"@type":"ImageObject","inLanguage":"fr-FR","@id":"https:\/\/paradiseisnotlost.com\/bzh\/conditions-generales-vente\/#primaryimage","url":"https:\/\/paradiseisnotlost.com\/bzh\/wp-content\/uploads\/2019\/09\/slider_1920x819_cgv_02.jpg","contentUrl":"https:\/\/paradiseisnotlost.com\/bzh\/wp-content\/uploads\/2019\/09\/slider_1920x819_cgv_02.jpg","width":1920,"height":819},{"@type":"BreadcrumbList","@id":"https:\/\/paradiseisnotlost.com\/bzh\/conditions-generales-vente\/#breadcrumb","itemListElement":[{"@type":"ListItem","position":1,"name":"Accueil","item":"https:\/\/paradiseisnotlost.com\/bzh\/"},{"@type":"ListItem","position":2,"name":"CONDITIONS G\u00c9N\u00c9RALES DE VENTE"}]},{"@type":"WebSite","@id":"https:\/\/paradiseisnotlost.com\/bzh\/#website","url":"https:\/\/paradiseisnotlost.com\/bzh\/","name":"Paradise is not lost, we design it ! Sud BZH","description":"Digital Design : Agence | Art-Shop | Events | Showroom","publisher":{"@id":"https:\/\/paradiseisnotlost.com\/bzh\/#organization"},"potentialAction":[{"@type":"SearchAction","target":{"@type":"EntryPoint","urlTemplate":"https:\/\/paradiseisnotlost.com\/bzh\/?s={search_term_string}"},"query-input":{"@type":"PropertyValueSpecification","valueRequired":true,"valueName":"search_term_string"}}],"inLanguage":"fr-FR"},{"@type":"Organization","@id":"https:\/\/paradiseisnotlost.com\/bzh\/#organization","name":"Paradiseisnotlost","url":"https:\/\/paradiseisnotlost.com\/bzh\/","logo":{"@type":"ImageObject","inLanguage":"fr-FR","@id":"https:\/\/paradiseisnotlost.com\/bzh\/#\/schema\/logo\/image\/","url":"https:\/\/paradiseisnotlost.com\/bzh\/wp-content\/uploads\/2019\/05\/19_logo_logo_entet-web_010.png","contentUrl":"https:\/\/paradiseisnotlost.com\/bzh\/wp-content\/uploads\/2019\/05\/19_logo_logo_entet-web_010.png","width":129,"height":60,"caption":"Paradiseisnotlost"},"image":{"@id":"https:\/\/paradiseisnotlost.com\/bzh\/#\/schema\/logo\/image\/"},"sameAs":["https:\/\/www.facebook.com\/laptitecalifornie.fr\/","https:\/\/x.com\/Ptitecalifornie","https:\/\/www.instagram.com\/paradiseisnotlost44\/","https:\/\/www.pinterest.fr\/paradiseisnotlost\/"]}]}},"_links":{"self":[{"href":"https:\/\/paradiseisnotlost.com\/bzh\/wp-json\/wp\/v2\/pages\/9679","targetHints":{"allow":["GET"]}}],"collection":[{"href":"https:\/\/paradiseisnotlost.com\/bzh\/wp-json\/wp\/v2\/pages"}],"about":[{"href":"https:\/\/paradiseisnotlost.com\/bzh\/wp-json\/wp\/v2\/types\/page"}],"author":[{"embeddable":true,"href":"https:\/\/paradiseisnotlost.com\/bzh\/wp-json\/wp\/v2\/users\/1"}],"replies":[{"embeddable":true,"href":"https:\/\/paradiseisnotlost.com\/bzh\/wp-json\/wp\/v2\/comments?post=9679"}],"version-history":[{"count":8,"href":"https:\/\/paradiseisnotlost.com\/bzh\/wp-json\/wp\/v2\/pages\/9679\/revisions"}],"predecessor-version":[{"id":59953,"href":"https:\/\/paradiseisnotlost.com\/bzh\/wp-json\/wp\/v2\/pages\/9679\/revisions\/59953"}],"wp:featuredmedia":[{"embeddable":true,"href":"https:\/\/paradiseisnotlost.com\/bzh\/wp-json\/wp\/v2\/media\/9682"}],"wp:attachment":[{"href":"https:\/\/paradiseisnotlost.com\/bzh\/wp-json\/wp\/v2\/media?parent=9679"}],"curies":[{"name":"wp","href":"https:\/\/api.w.org\/{rel}","templated":true}]}}