{"id":1835,"date":"2016-02-20T06:44:31","date_gmt":"2016-02-20T06:44:31","guid":{"rendered":"http:\/\/demo.themelogi.com\/roneous\/?page_id=1835"},"modified":"2016-02-20T06:44:31","modified_gmt":"2016-02-20T06:44:31","slug":"grid-3-columns","status":"publish","type":"page","link":"https:\/\/paradiseisnotlost.com\/cancans\/blog-2\/grid-3-columns\/","title":{"rendered":"Grid 3 Columns"},"content":{"rendered":"<p>[vc_row tlg_background_style=\u00a0\u00bbbg-secondary\u00a0\u00bb css=\u00a0\u00bb.vc_custom_1467891349557{background-color: #f5f5f5 !important;}\u00a0\u00bb][vc_column]<div id=\"blog-69f9abe8bda82\"><div class=\"row mb40 grid-blog\"><div class=\"col-sm-4 col-xs-12 mb32 mb-xs-24\">\n    <div class=\"clearfix m0-xs border-line-bottom light-inner\">\n                    <div class=\"mb-xs-24 post-thumb\">\n                <a href=\"https:\/\/paradiseisnotlost.com\/cancans\/meilleurs-voeux-2019\/\">\n                    <div class=\"bg-overlay mb24\">\n                                                    <img width=\"346\" height=\"400\" src=\"https:\/\/paradiseisnotlost.com\/cancans\/wp-content\/uploads\/2019\/01\/DSC_3600.jpg\" class=\"attachment-roneous_grid size-roneous_grid wp-post-image\" alt=\"\" loading=\"lazy\" srcset=\"https:\/\/paradiseisnotlost.com\/cancans\/wp-content\/uploads\/2019\/01\/DSC_3600.jpg 960w, https:\/\/paradiseisnotlost.com\/cancans\/wp-content\/uploads\/2019\/01\/DSC_3600-600x694.jpg 600w, https:\/\/paradiseisnotlost.com\/cancans\/wp-content\/uploads\/2019\/01\/DSC_3600-259x300.jpg 259w, https:\/\/paradiseisnotlost.com\/cancans\/wp-content\/uploads\/2019\/01\/DSC_3600-768x888.jpg 768w, https:\/\/paradiseisnotlost.com\/cancans\/wp-content\/uploads\/2019\/01\/DSC_3600-886x1024.jpg 886w\" sizes=\"(max-width: 346px) 100vw, 346px\" \/>                                                <div class=\"bg-mask\"><i class=\"ti-plus\"><\/i><\/div>\n                    <\/div>\n                <\/a>\n            <\/div>\n                <a href=\"https:\/\/paradiseisnotlost.com\/cancans\/meilleurs-voeux-2019\/\">\n            <h5 class=\"blog-title mb0\">Meilleurs V\u0153ux 2019<\/h5>        <\/a>\n        <div class=\"entry-meta mt8 mb16 p0\">\n            <span class=\"inline-block\">12 janvier 2019<\/span>\n            <span class=\"inline-block\"><span>by<\/span><a href=\"https:\/\/paradiseisnotlost.com\/cancans\/author\/blogger\/\" title=\"Articles par Admin\" rel=\"author\">Admin<\/a><\/span>\n        <\/div>\n        <p>Du 1er lever de soleil sur La petite Californie Bretonne<\/p>\n        <div class=\"pull-left mt8\">\n            \t        <div class=\"tlg-likes-button inline-block tlg-likes-normal\">\n\t        \t<a href=\"#\" class=\"tlg-likes\" id=\"tlg-likes-8127\" title=\"\">\n\t        \t\t<i class=\"ti-heart\"><\/i><span class=\"like-share-name\">0<span> like<\/span><\/span>\t        \t<\/a>\n\t        <\/div>\n\t                                    <span class=\"middot-divider\"><\/span>\n                <span class=\"comments-link\"><a href=\"https:\/\/paradiseisnotlost.com\/cancans\/meilleurs-voeux-2019\/#respond\"><i class=\"ti-comment\"><\/i><span>0<\/span><\/a><\/span>\n                    <\/div>\n                    <div class=\"pull-right mt8 category-more\">\n            <a href=\"https:\/\/paradiseisnotlost.com\/cancans\/category\/actualites-paradiseisnotlost\/\">ACTUS<\/a>            <\/div>\n            <\/div>\n<\/div><div class=\"col-sm-4 col-xs-12 mb32 mb-xs-24\">\n    <div class=\"clearfix m0-xs border-line-bottom light-inner\">\n                    <div class=\"mb-xs-24 post-thumb\">\n                <a href=\"https:\/\/paradiseisnotlost.com\/cancans\/garage-a-confettis\/\">\n                    <div class=\"bg-overlay mb24\">\n                                                    <img width=\"600\" height=\"278\" src=\"https:\/\/paradiseisnotlost.com\/cancans\/wp-content\/uploads\/2018\/12\/x.jpg\" class=\"attachment-roneous_grid size-roneous_grid wp-post-image\" alt=\"\" loading=\"lazy\" srcset=\"https:\/\/paradiseisnotlost.com\/cancans\/wp-content\/uploads\/2018\/12\/x.jpg 1200w, https:\/\/paradiseisnotlost.com\/cancans\/wp-content\/uploads\/2018\/12\/x-600x278.jpg 600w, https:\/\/paradiseisnotlost.com\/cancans\/wp-content\/uploads\/2018\/12\/x-300x139.jpg 300w, https:\/\/paradiseisnotlost.com\/cancans\/wp-content\/uploads\/2018\/12\/x-768x355.jpg 768w, https:\/\/paradiseisnotlost.com\/cancans\/wp-content\/uploads\/2018\/12\/x-1024x474.jpg 1024w\" sizes=\"(max-width: 600px) 100vw, 600px\" \/>                                                <div class=\"bg-mask\"><i class=\"ti-plus\"><\/i><\/div>\n                    <\/div>\n                <\/a>\n            <\/div>\n                <a href=\"https:\/\/paradiseisnotlost.com\/cancans\/garage-a-confettis\/\">\n            <h5 class=\"blog-title mb0\">GARAGE \u00c0 CONFETTIS<\/h5>        <\/a>\n        <div class=\"entry-meta mt8 mb16 p0\">\n            <span class=\"inline-block\">22 d\u00e9cembre 2018<\/span>\n            <span class=\"inline-block\"><span>by<\/span><a href=\"https:\/\/paradiseisnotlost.com\/cancans\/author\/blogger\/\" title=\"Articles par Admin\" rel=\"author\">Admin<\/a><\/span>\n        <\/div>\n        <p>March\u00e9 \u00e9ph\u00e9m\u00e8re de cr\u00e9atrices &amp; cr\u00e9ateurs de Petite Californie Bretonne, C\u00f4te d&rsquo;Amour et Sud Bretagne jusqu&rsquo;au&#8230;<\/p>\n        <div class=\"pull-left mt8\">\n            \t        <div class=\"tlg-likes-button inline-block tlg-likes-normal\">\n\t        \t<a href=\"#\" class=\"tlg-likes\" id=\"tlg-likes-7996\" title=\"\">\n\t        \t\t<i class=\"ti-heart\"><\/i><span class=\"like-share-name\">1<span> like<\/span><\/span>\t        \t<\/a>\n\t        <\/div>\n\t                            <\/div>\n                    <div class=\"pull-right mt8 category-more\">\n            <a href=\"https:\/\/paradiseisnotlost.com\/cancans\/category\/actualites-paradiseisnotlost\/\">ACTUS<\/a>            <\/div>\n            <\/div>\n<\/div><div class=\"col-sm-4 col-xs-12 mb32 mb-xs-24\">\n    <div class=\"clearfix m0-xs border-line-bottom light-inner\">\n                    <div class=\"mb-xs-24 post-thumb\">\n                <a href=\"https:\/\/paradiseisnotlost.com\/cancans\/ar-toiles\/\">\n                    <div class=\"bg-overlay mb24\">\n                                                    <img width=\"390\" height=\"400\" src=\"https:\/\/paradiseisnotlost.com\/cancans\/wp-content\/uploads\/2018\/12\/artoiles-01.jpg\" class=\"attachment-roneous_grid size-roneous_grid wp-post-image\" alt=\"\" loading=\"lazy\" srcset=\"https:\/\/paradiseisnotlost.com\/cancans\/wp-content\/uploads\/2018\/12\/artoiles-01.jpg 720w, https:\/\/paradiseisnotlost.com\/cancans\/wp-content\/uploads\/2018\/12\/artoiles-01-600x615.jpg 600w, https:\/\/paradiseisnotlost.com\/cancans\/wp-content\/uploads\/2018\/12\/artoiles-01-293x300.jpg 293w\" sizes=\"(max-width: 390px) 100vw, 390px\" \/>                                                <div class=\"bg-mask\"><i class=\"ti-plus\"><\/i><\/div>\n                    <\/div>\n                <\/a>\n            <\/div>\n                <a href=\"https:\/\/paradiseisnotlost.com\/cancans\/ar-toiles\/\">\n            <h5 class=\"blog-title mb0\">WEB-SPOT: AR&rsquo;TOILES<\/h5>        <\/a>\n        <div class=\"entry-meta mt8 mb16 p0\">\n            <span class=\"inline-block\">19 d\u00e9cembre 2018<\/span>\n            <span class=\"inline-block\"><span>by<\/span><a href=\"https:\/\/paradiseisnotlost.com\/cancans\/author\/blogger\/\" title=\"Articles par Admin\" rel=\"author\">Admin<\/a><\/span>\n        <\/div>\n        <p>AR&rsquo;TOILES, Objet d&rsquo;art et encadrement est r\u00e9f\u00e9renc\u00e9 sur Paradiseisnotlost<\/p>\n        <div class=\"pull-left mt8\">\n            \t        <div class=\"tlg-likes-button inline-block tlg-likes-normal\">\n\t        \t<a href=\"#\" class=\"tlg-likes\" id=\"tlg-likes-7939\" title=\"\">\n\t        \t\t<i class=\"ti-heart\"><\/i><span class=\"like-share-name\">0<span> like<\/span><\/span>\t        \t<\/a>\n\t        <\/div>\n\t                                    <span class=\"middot-divider\"><\/span>\n                <span class=\"comments-link\"><a href=\"https:\/\/paradiseisnotlost.com\/cancans\/ar-toiles\/#respond\"><i class=\"ti-comment\"><\/i><span>0<\/span><\/a><\/span>\n                    <\/div>\n                    <div class=\"pull-right mt8 category-more\">\n            <a href=\"https:\/\/paradiseisnotlost.com\/cancans\/category\/actualites-paradiseisnotlost\/\">ACTUS<\/a>            <\/div>\n            <\/div>\n<\/div><\/div><div class=\"row mb40 grid-blog\"><div class=\"col-sm-4 col-xs-12 mb32 mb-xs-24\">\n    <div class=\"clearfix m0-xs border-line-bottom light-inner\">\n                <a href=\"https:\/\/paradiseisnotlost.com\/cancans\/emmanuel-belhuerne\/\">\n            <h5 class=\"blog-title mb0\">Emmanuel Belhuerne<\/h5>        <\/a>\n        <div class=\"entry-meta mt8 mb16 p0\">\n            <span class=\"inline-block\">29 novembre 2018<\/span>\n            <span class=\"inline-block\"><span>by<\/span><a href=\"https:\/\/paradiseisnotlost.com\/cancans\/author\/emazigh\/\" title=\"Articles par Paradiseisnotlost\" rel=\"author\">Paradiseisnotlost<\/a><\/span>\n        <\/div>\n        <p>Auteur roman policier En Petite Californie Bretonne<\/p>\n        <div class=\"pull-left mt8\">\n            \t        <div class=\"tlg-likes-button inline-block tlg-likes-normal\">\n\t        \t<a href=\"#\" class=\"tlg-likes\" id=\"tlg-likes-7900\" title=\"\">\n\t        \t\t<i class=\"ti-heart\"><\/i><span class=\"like-share-name\">1<span> like<\/span><\/span>\t        \t<\/a>\n\t        <\/div>\n\t                                    <span class=\"middot-divider\"><\/span>\n                <span class=\"comments-link\"><a href=\"https:\/\/paradiseisnotlost.com\/cancans\/emmanuel-belhuerne\/#respond\"><i class=\"ti-comment\"><\/i><span>0<\/span><\/a><\/span>\n                    <\/div>\n                    <div class=\"pull-right mt8 category-more\">\n            <a href=\"https:\/\/paradiseisnotlost.com\/cancans\/category\/actualites-paradiseisnotlost\/\">ACTUS<\/a>            <\/div>\n            <\/div>\n<\/div><div class=\"col-sm-4 col-xs-12 mb32 mb-xs-24\">\n    <div class=\"clearfix m0-xs border-line-bottom light-inner\">\n                    <div class=\"mb-xs-24 post-thumb\">\n                <a href=\"https:\/\/paradiseisnotlost.com\/cancans\/catherine-roncin-artisan-gainier\/\">\n                    <div class=\"bg-overlay mb24\">\n                                                    <img width=\"280\" height=\"400\" src=\"https:\/\/paradiseisnotlost.com\/cancans\/wp-content\/uploads\/2018\/10\/catherine-roncin_015.jpg\" class=\"attachment-roneous_grid size-roneous_grid wp-post-image\" alt=\"\" loading=\"lazy\" srcset=\"https:\/\/paradiseisnotlost.com\/cancans\/wp-content\/uploads\/2018\/10\/catherine-roncin_015.jpg 960w, https:\/\/paradiseisnotlost.com\/cancans\/wp-content\/uploads\/2018\/10\/catherine-roncin_015-600x858.jpg 600w, https:\/\/paradiseisnotlost.com\/cancans\/wp-content\/uploads\/2018\/10\/catherine-roncin_015-210x300.jpg 210w, https:\/\/paradiseisnotlost.com\/cancans\/wp-content\/uploads\/2018\/10\/catherine-roncin_015-768x1098.jpg 768w, https:\/\/paradiseisnotlost.com\/cancans\/wp-content\/uploads\/2018\/10\/catherine-roncin_015-717x1024.jpg 717w\" sizes=\"(max-width: 280px) 100vw, 280px\" \/>                                                <div class=\"bg-mask\"><i class=\"ti-plus\"><\/i><\/div>\n                    <\/div>\n                <\/a>\n            <\/div>\n                <a href=\"https:\/\/paradiseisnotlost.com\/cancans\/catherine-roncin-artisan-gainier\/\">\n            <h5 class=\"blog-title mb0\">Paradiseisnolost : Catherine RONCIN<\/h5>        <\/a>\n        <div class=\"entry-meta mt8 mb16 p0\">\n            <span class=\"inline-block\">26 octobre 2018<\/span>\n            <span class=\"inline-block\"><span>by<\/span><a href=\"https:\/\/paradiseisnotlost.com\/cancans\/author\/blogger\/\" title=\"Articles par Admin\" rel=\"author\">Admin<\/a><\/span>\n        <\/div>\n        <p>Catherine RONCIN, artisan gainier est r\u00e9f\u00e9renc\u00e9 sur Paradiseisnotlost<\/p>\n        <div class=\"pull-left mt8\">\n            \t        <div class=\"tlg-likes-button inline-block tlg-likes-normal\">\n\t        \t<a href=\"#\" class=\"tlg-likes\" id=\"tlg-likes-7881\" title=\"\">\n\t        \t\t<i class=\"ti-heart\"><\/i><span class=\"like-share-name\">0<span> like<\/span><\/span>\t        \t<\/a>\n\t        <\/div>\n\t                                    <span class=\"middot-divider\"><\/span>\n                <span class=\"comments-link\"><a href=\"https:\/\/paradiseisnotlost.com\/cancans\/catherine-roncin-artisan-gainier\/#respond\"><i class=\"ti-comment\"><\/i><span>0<\/span><\/a><\/span>\n                    <\/div>\n                    <div class=\"pull-right mt8 category-more\">\n            <a href=\"https:\/\/paradiseisnotlost.com\/cancans\/category\/actualites-paradiseisnotlost\/\">ACTUS<\/a>            <\/div>\n            <\/div>\n<\/div><div class=\"col-sm-4 col-xs-12 mb32 mb-xs-24\">\n    <div class=\"clearfix m0-xs border-line-bottom light-inner\">\n                    <div class=\"mb-xs-24 post-thumb\">\n                <a href=\"https:\/\/paradiseisnotlost.com\/cancans\/1-produit-achete-1-offert-loreal\/\">\n                    <div class=\"bg-overlay mb24\">\n                                                    <img width=\"262\" height=\"400\" src=\"https:\/\/paradiseisnotlost.com\/cancans\/wp-content\/uploads\/2018\/10\/18-10-25_002.jpg\" class=\"attachment-roneous_grid size-roneous_grid wp-post-image\" alt=\"\" loading=\"lazy\" srcset=\"https:\/\/paradiseisnotlost.com\/cancans\/wp-content\/uploads\/2018\/10\/18-10-25_002.jpg 960w, https:\/\/paradiseisnotlost.com\/cancans\/wp-content\/uploads\/2018\/10\/18-10-25_002-600x916.jpg 600w, https:\/\/paradiseisnotlost.com\/cancans\/wp-content\/uploads\/2018\/10\/18-10-25_002-197x300.jpg 197w, https:\/\/paradiseisnotlost.com\/cancans\/wp-content\/uploads\/2018\/10\/18-10-25_002-768x1172.jpg 768w, https:\/\/paradiseisnotlost.com\/cancans\/wp-content\/uploads\/2018\/10\/18-10-25_002-671x1024.jpg 671w\" sizes=\"(max-width: 262px) 100vw, 262px\" \/>                                                <div class=\"bg-mask\"><i class=\"ti-plus\"><\/i><\/div>\n                    <\/div>\n                <\/a>\n            <\/div>\n                <a href=\"https:\/\/paradiseisnotlost.com\/cancans\/1-produit-achete-1-offert-loreal\/\">\n            <h5 class=\"blog-title mb0\">1 Produit achet\u00e9 1 offert : LOR\u00c9AL<\/h5>        <\/a>\n        <div class=\"entry-meta mt8 mb16 p0\">\n            <span class=\"inline-block\">25 octobre 2018<\/span>\n            <span class=\"inline-block\"><span>by<\/span><a href=\"https:\/\/paradiseisnotlost.com\/cancans\/author\/blogger\/\" title=\"Articles par Admin\" rel=\"author\">Admin<\/a><\/span>\n        <\/div>\n        <p>50% sur la gamme Soins cheveux &amp; produits capillaires LOR\u00c9AL jusqu&rsquo;au 30 novembre &#8211; ATIPICK SALON&#8230;<\/p>\n        <div class=\"pull-left mt8\">\n            \t        <div class=\"tlg-likes-button inline-block tlg-likes-normal\">\n\t        \t<a href=\"#\" class=\"tlg-likes\" id=\"tlg-likes-7866\" title=\"\">\n\t        \t\t<i class=\"ti-heart\"><\/i><span class=\"like-share-name\">0<span> like<\/span><\/span>\t        \t<\/a>\n\t        <\/div>\n\t                                    <span class=\"middot-divider\"><\/span>\n                <span class=\"comments-link\"><a href=\"https:\/\/paradiseisnotlost.com\/cancans\/1-produit-achete-1-offert-loreal\/#respond\"><i class=\"ti-comment\"><\/i><span>0<\/span><\/a><\/span>\n                    <\/div>\n                    <div class=\"pull-right mt8 category-more\">\n            <a href=\"https:\/\/paradiseisnotlost.com\/cancans\/category\/actualites-paradiseisnotlost\/\">ACTUS<\/a>            <\/div>\n            <\/div>\n<\/div><\/div><\/div><div class='text-center mt40'><ul class='pagination'><li class='active'><a href='https:\/\/paradiseisnotlost.com\/cancans\/wp-json\/wp\/v2\/pages\/1835'>1<\/a><\/li> <li><a href='https:\/\/paradiseisnotlost.com\/cancans\/wp-json\/wp\/v2\/pages\/1835\/page\/2\/'>2<\/a><\/li> <li><a href='https:\/\/paradiseisnotlost.com\/cancans\/wp-json\/wp\/v2\/pages\/1835\/page\/3\/'>3<\/a><\/li> <li><a href='https:\/\/paradiseisnotlost.com\/cancans\/wp-json\/wp\/v2\/pages\/1835\/page\/7\/' aria-label='Next'><span aria-hidden='true'>&raquo;<\/span><\/a><\/li> <\/ul><\/div>[\/vc_column][\/vc_row]<\/p>\n","protected":false},"excerpt":{"rendered":"<p>[vc_row tlg_background_style=\u00a0\u00bbbg-secondary\u00a0\u00bb css=\u00a0\u00bb.vc_custom_1467891349557{background-color: #f5f5f5 !important;}\u00a0\u00bb][vc_column][\/vc_column][\/vc_row]<\/p>\n","protected":false},"author":2,"featured_media":0,"parent":1808,"menu_order":0,"comment_status":"closed","ping_status":"closed","template":"","meta":[],"yoast_head":"<!-- This site is optimized with the Yoast SEO plugin v18.3 - https:\/\/yoast.com\/wordpress\/plugins\/seo\/ -->\n<title>Grid 3 Columns - Digital cancans &amp; visuels sud Bretagne - Blog<\/title>\n<meta name=\"robots\" content=\"noindex, follow, max-snippet:-1, max-image-preview:large, max-video-preview:-1\" \/>\n<meta property=\"og:locale\" content=\"fr_FR\" \/>\n<meta property=\"og:type\" content=\"article\" \/>\n<meta property=\"og:title\" content=\"Grid 3 Columns - Digital cancans &amp; visuels sud Bretagne - Blog\" \/>\n<meta property=\"og:description\" content=\"[vc_row tlg_background_style=\u00a0\u00bbbg-secondary\u00a0\u00bb css=\u00a0\u00bb.vc_custom_1467891349557{background-color: #f5f5f5 !important;}\u00a0\u00bb][vc_column][\/vc_column][\/vc_row]\" \/>\n<meta property=\"og:url\" content=\"https:\/\/paradiseisnotlost.com\/cancans\/blog-2\/grid-3-columns\/\" \/>\n<meta property=\"og:site_name\" content=\"Digital cancans &amp; visuels sud Bretagne - Blog\" \/>\n<meta property=\"article:publisher\" content=\"https:\/\/www.facebook.com\/paradiseisnotlost\" \/>\n<meta name=\"twitter:card\" content=\"summary\" \/>\n<meta name=\"twitter:site\" content=\"@EmazighParadise\" \/>\n<script type=\"application\/ld+json\" class=\"yoast-schema-graph\">{\"@context\":\"https:\/\/schema.org\",\"@graph\":[{\"@type\":\"Organization\",\"@id\":\"https:\/\/paradiseisnotlost.com\/cancans\/#organization\",\"name\":\"Paradiseisnotlost.com\",\"url\":\"https:\/\/paradiseisnotlost.com\/cancans\/\",\"sameAs\":[\"https:\/\/www.facebook.com\/paradiseisnotlost\",\"https:\/\/twitter.com\/EmazighParadise\"],\"logo\":{\"@type\":\"ImageObject\",\"@id\":\"https:\/\/paradiseisnotlost.com\/cancans\/#logo\",\"inLanguage\":\"fr-FR\",\"url\":\"http:\/\/paradiseisnotlost.com\/cancans\/wp-content\/uploads\/2017\/01\/300_logo_01.png\",\"contentUrl\":\"http:\/\/paradiseisnotlost.com\/cancans\/wp-content\/uploads\/2017\/01\/300_logo_01.png\",\"width\":300,\"height\":300,\"caption\":\"Paradiseisnotlost.com\"},\"image\":{\"@id\":\"https:\/\/paradiseisnotlost.com\/cancans\/#logo\"}},{\"@type\":\"WebSite\",\"@id\":\"https:\/\/paradiseisnotlost.com\/cancans\/#website\",\"url\":\"https:\/\/paradiseisnotlost.com\/cancans\/\",\"name\":\"Digital cancans &amp; visuels sud Bretagne - Blog\",\"description\":\"Du vrai, du bon, du bien donc du beau du sud BZH\",\"publisher\":{\"@id\":\"https:\/\/paradiseisnotlost.com\/cancans\/#organization\"},\"potentialAction\":[{\"@type\":\"SearchAction\",\"target\":{\"@type\":\"EntryPoint\",\"urlTemplate\":\"https:\/\/paradiseisnotlost.com\/cancans\/?s={search_term_string}\"},\"query-input\":\"required name=search_term_string\"}],\"inLanguage\":\"fr-FR\"},{\"@type\":\"WebPage\",\"@id\":\"https:\/\/paradiseisnotlost.com\/cancans\/blog-2\/grid-3-columns\/#webpage\",\"url\":\"https:\/\/paradiseisnotlost.com\/cancans\/blog-2\/grid-3-columns\/\",\"name\":\"Grid 3 Columns - Digital cancans &amp; visuels sud Bretagne - Blog\",\"isPartOf\":{\"@id\":\"https:\/\/paradiseisnotlost.com\/cancans\/#website\"},\"datePublished\":\"2016-02-20T06:44:31+00:00\",\"dateModified\":\"2016-02-20T06:44:31+00:00\",\"breadcrumb\":{\"@id\":\"https:\/\/paradiseisnotlost.com\/cancans\/blog-2\/grid-3-columns\/#breadcrumb\"},\"inLanguage\":\"fr-FR\",\"potentialAction\":[{\"@type\":\"ReadAction\",\"target\":[\"https:\/\/paradiseisnotlost.com\/cancans\/blog-2\/grid-3-columns\/\"]}]},{\"@type\":\"BreadcrumbList\",\"@id\":\"https:\/\/paradiseisnotlost.com\/cancans\/blog-2\/grid-3-columns\/#breadcrumb\",\"itemListElement\":[{\"@type\":\"ListItem\",\"position\":1,\"name\":\"Accueil\",\"item\":\"https:\/\/paradiseisnotlost.com\/cancans\/\"},{\"@type\":\"ListItem\",\"position\":2,\"name\":\"Blog\",\"item\":\"https:\/\/paradiseisnotlost.com\/cancans\/blog-2\/\"},{\"@type\":\"ListItem\",\"position\":3,\"name\":\"Grid 3 Columns\"}]}]}<\/script>\n<!-- \/ Yoast SEO plugin. -->","yoast_head_json":{"title":"Grid 3 Columns - Digital cancans &amp; visuels sud Bretagne - Blog","robots":{"index":"noindex","follow":"follow","max-snippet":"max-snippet:-1","max-image-preview":"max-image-preview:large","max-video-preview":"max-video-preview:-1"},"og_locale":"fr_FR","og_type":"article","og_title":"Grid 3 Columns - Digital cancans &amp; visuels sud Bretagne - Blog","og_description":"[vc_row tlg_background_style=\u00a0\u00bbbg-secondary\u00a0\u00bb css=\u00a0\u00bb.vc_custom_1467891349557{background-color: #f5f5f5 !important;}\u00a0\u00bb][vc_column][\/vc_column][\/vc_row]","og_url":"https:\/\/paradiseisnotlost.com\/cancans\/blog-2\/grid-3-columns\/","og_site_name":"Digital cancans &amp; visuels sud Bretagne - Blog","article_publisher":"https:\/\/www.facebook.com\/paradiseisnotlost","twitter_card":"summary","twitter_site":"@EmazighParadise","schema":{"@context":"https:\/\/schema.org","@graph":[{"@type":"Organization","@id":"https:\/\/paradiseisnotlost.com\/cancans\/#organization","name":"Paradiseisnotlost.com","url":"https:\/\/paradiseisnotlost.com\/cancans\/","sameAs":["https:\/\/www.facebook.com\/paradiseisnotlost","https:\/\/twitter.com\/EmazighParadise"],"logo":{"@type":"ImageObject","@id":"https:\/\/paradiseisnotlost.com\/cancans\/#logo","inLanguage":"fr-FR","url":"http:\/\/paradiseisnotlost.com\/cancans\/wp-content\/uploads\/2017\/01\/300_logo_01.png","contentUrl":"http:\/\/paradiseisnotlost.com\/cancans\/wp-content\/uploads\/2017\/01\/300_logo_01.png","width":300,"height":300,"caption":"Paradiseisnotlost.com"},"image":{"@id":"https:\/\/paradiseisnotlost.com\/cancans\/#logo"}},{"@type":"WebSite","@id":"https:\/\/paradiseisnotlost.com\/cancans\/#website","url":"https:\/\/paradiseisnotlost.com\/cancans\/","name":"Digital cancans &amp; visuels sud Bretagne - Blog","description":"Du vrai, du bon, du bien donc du beau du sud BZH","publisher":{"@id":"https:\/\/paradiseisnotlost.com\/cancans\/#organization"},"potentialAction":[{"@type":"SearchAction","target":{"@type":"EntryPoint","urlTemplate":"https:\/\/paradiseisnotlost.com\/cancans\/?s={search_term_string}"},"query-input":"required name=search_term_string"}],"inLanguage":"fr-FR"},{"@type":"WebPage","@id":"https:\/\/paradiseisnotlost.com\/cancans\/blog-2\/grid-3-columns\/#webpage","url":"https:\/\/paradiseisnotlost.com\/cancans\/blog-2\/grid-3-columns\/","name":"Grid 3 Columns - Digital cancans &amp; visuels sud Bretagne - Blog","isPartOf":{"@id":"https:\/\/paradiseisnotlost.com\/cancans\/#website"},"datePublished":"2016-02-20T06:44:31+00:00","dateModified":"2016-02-20T06:44:31+00:00","breadcrumb":{"@id":"https:\/\/paradiseisnotlost.com\/cancans\/blog-2\/grid-3-columns\/#breadcrumb"},"inLanguage":"fr-FR","potentialAction":[{"@type":"ReadAction","target":["https:\/\/paradiseisnotlost.com\/cancans\/blog-2\/grid-3-columns\/"]}]},{"@type":"BreadcrumbList","@id":"https:\/\/paradiseisnotlost.com\/cancans\/blog-2\/grid-3-columns\/#breadcrumb","itemListElement":[{"@type":"ListItem","position":1,"name":"Accueil","item":"https:\/\/paradiseisnotlost.com\/cancans\/"},{"@type":"ListItem","position":2,"name":"Blog","item":"https:\/\/paradiseisnotlost.com\/cancans\/blog-2\/"},{"@type":"ListItem","position":3,"name":"Grid 3 Columns"}]}]}},"_links":{"self":[{"href":"https:\/\/paradiseisnotlost.com\/cancans\/wp-json\/wp\/v2\/pages\/1835"}],"collection":[{"href":"https:\/\/paradiseisnotlost.com\/cancans\/wp-json\/wp\/v2\/pages"}],"about":[{"href":"https:\/\/paradiseisnotlost.com\/cancans\/wp-json\/wp\/v2\/types\/page"}],"author":[{"embeddable":true,"href":"https:\/\/paradiseisnotlost.com\/cancans\/wp-json\/wp\/v2\/users\/2"}],"replies":[{"embeddable":true,"href":"https:\/\/paradiseisnotlost.com\/cancans\/wp-json\/wp\/v2\/comments?post=1835"}],"version-history":[{"count":0,"href":"https:\/\/paradiseisnotlost.com\/cancans\/wp-json\/wp\/v2\/pages\/1835\/revisions"}],"up":[{"embeddable":true,"href":"https:\/\/paradiseisnotlost.com\/cancans\/wp-json\/wp\/v2\/pages\/1808"}],"wp:attachment":[{"href":"https:\/\/paradiseisnotlost.com\/cancans\/wp-json\/wp\/v2\/media?parent=1835"}],"curies":[{"name":"wp","href":"https:\/\/api.w.org\/{rel}","templated":true}]}}